 is the highest common divisor of 7350 and 1755120?
30
Calculate the highest common factor of 76353 and 7998.
93
Calculate the greatest common divisor of 37 and 4559362.
37
What is the highest common factor of 7394 and 100046?
2
Calculate the greatest common factor of 19287185 and 209.
19
What is the highest common divisor of 18431101 and 26?
13
What is the highest common divisor of 7192323 and 54?
9
Calculate the greatest common divisor of 26 and 436721233.
13
What is the greatest common divisor of 3168 and 3989304?
792
Calculate the highest common factor of 807 and 750241.
269
Calculate the greatest common divisor of 59633819 and 938.
469
Calculate the greatest common factor of 14 and 103716662.
14
What is the greatest common factor of 1071695 and 425923?
551
What is the greatest common factor of 17374147 and 10276?
2569
What is the highest common divisor of 59982 and 987246?
78
Calculate the greatest common factor of 288 and 508227264.
288
What is the greatest common divisor of 18068520 and 48?
24
Calculate the greatest common divisor of 432 and 9124884.
36
What is the greatest common divisor of 3316786242 and 66?
66
What is the greatest common divisor of 9951096 and 48?
24
What is the highest common divisor of 1418016929 and 49?
49
What is the greatest common factor of 2526720 and 2940?
420
Calculate the highest common factor of 47611 and 26837.
47
Calculate the greatest common factor of 35300970 and 765.
45
Calculate the greatest common factor of 17382861 and 783.
261
What is the greatest common divisor of 150568 and 22184?
472
What is the greatest common divisor of 454927 and 1188?
11
What is the greatest common divisor of 1141 and 59822?
7
What is the greatest common factor of 25781940 and 42?
6
What is the greatest common divisor of 14878122 and 24?
6
Calculate the highest common divisor of 1104 and 143952.
48
Calculate the highest common factor of 96 and 18881376.
96
What is the highest common factor of 30510030 and 12180?
870
What is the highest common factor of 2650 and 175962650?
2650
What is the highest common divisor of 304 and 57449728?
16
Calculate the greatest common factor of 337 and 59323795.
337
What is the greatest common factor of 237657 and 183267?
21
What is the greatest common factor of 768 and 4407504?
48
Calculate the greatest common factor of 524 and 28871614.
262
Calculate the greatest common factor of 42929831 and 1421.
1421
Calculate the greatest common divisor of 120963168 and 20.
4
Calculate the greatest common factor of 15024 and 62913.
939
Calculate the highest common divisor of 2129152 and 80.
16
Calculate the highest common divisor of 2752 and 16560848.
688
What is the greatest common divisor of 16 and 714853424?
16
What is the greatest common divisor of 162 and 1641929697?
81
Calculate the highest common divisor of 5418 and 525847.
301
Calculate the highest common divisor of 7756479 and 77841.
2511
What is the highest common divisor of 23296 and 16890692?
364
What is the greatest common divisor of 1064 and 104426812?
532
What is the highest common divisor of 111287944 and 8?
8
Calculate the highest common divisor of 5941 and 221351.
13
Calculate the greatest common divisor of 136 and 47899132.
68
What is the highest common divisor of 25129824 and 804?
804
Calculate the highest common divisor of 1 and 282136297.
1
Calculate the greatest common divisor of 14701 and 256906.
241
What is the greatest common factor of 753015698 and 4618?
4618
What is the highest common divisor of 7018232 and 696?
232
Calculate the highest common divisor of 453070674 and 1619.
1619
What is the greatest common divisor of 906226 and 436?
218
Calculate the greatest common divisor of 1031223 and 789.
789
What is the highest common factor of 84111 and 27?
3
Calculate the greatest common divisor of 10 and 116626140.
10
Calculate the greatest common factor of 34344 and 379480.
424
What is the highest common factor of 251 and 28568569?
251
Calculate the highest common factor of 1791 and 15144099.
597
Calculate the highest common factor of 2970 and 3103386.
66
What is the highest common factor of 1 and 5399600?
1
What is the highest common factor of 108 and 2160876?
12
What is the highest common factor of 39101 and 140483?
61
Calculate the highest common divisor of 52183937 and 4693.
247
What is the highest common divisor of 4005813 and 84?
21
Calculate the highest common divisor of 24 and 162060.
12
Calculate the highest common factor of 296244 and 114192.
468
What is the highest common factor of 29 and 54732135?
29
Calculate the greatest common factor of 12 and 289156852.
4
What is the greatest common divisor of 62819580 and 3060?
60
What is the greatest common factor of 123586640 and 7600?
1520
Calculate the highest common divisor of 3868774 and 728.
182
Calculate the highest common divisor of 493 and 22916.
17
Calculate the greatest common factor of 23921 and 210253.
1259
Calculate the greatest common factor of 32147 and 178653.
527
What is the greatest common factor of 1740536 and 1064?
56
Calculate the greatest common factor of 2473268 and 4.
4
What is the greatest common divisor of 760 and 11360290?
190
Calculate the greatest common divisor of 74894970 and 90.
30
What is the highest common factor of 4766527 and 1537?
29
Calculate the greatest common factor of 76998 and 61217166.
1878
Calculate the highest common factor of 880 and 2711380.
20
What is the greatest common factor of 622808817 and 93?
93
Calculate the highest common factor of 301 and 1601707.
43
What is the highest common divisor of 92879 and 14633051?
709
What is the greatest common divisor of 112682907 and 25965?
5193
What is the greatest common divisor of 570448 and 2160592?
1616
Calculate the highest common factor of 776509 and 221.
17
What is the highest common factor of 173489 and 614953?
397
Calculate the greatest common factor of 43815427 and 3.
1
Calculate the highest common divisor of 5024394 and 4888.
94
What is the highest common factor of 1222 and 12180238?
94
Calculate the greatest common divisor of 176563 and 62235.
461
What is the greatest common factor of 79151023 and 686?
343
What is the highest common factor of 37882 and 175310?
94
What is the greatest common divisor of 1488920 and 605?
5
What is the highest common factor of 108000 and 1160?
40
What is the greatest common factor of 9510256 and 712?
8
Calculate the highest common factor of 4897 and 1582439.
59
Calculate the greatest common factor of 18107 and 8500760.
953
What is the greatest common divisor of 536 and 216016777?
67
What is the greatest common factor of 899 and 166286?
29
What is the greatest common factor of 187707 and 11427?
39
What is the greatest common divisor of 189346784 and 40428?
4492
Calculate the greatest common divisor of 29884931 and 2437.
2437
Calculate the greatest common divisor of 8939326 and 1358.
194
Calculate the greatest common divisor of 116 and 10136428.
116
What is the highest common divisor of 230 and 29232678?
46
What is the greatest common factor of 7737799 and 7732?
1933
What is the greatest common factor of 956 and 240896704?
956
Calculate the highest common factor of 29557593 and 24336.
1521
What is the highest common factor of 11620851 and 25839?
957
What is the greatest common divisor of 353 and 163036227?
353
Calculate the highest common divisor of 17138 and 11853017.
209
Calculate the highest common divisor of 31775201 and 38.
19
What is the highest common divisor of 5131 and 960990121?
5131
Calculate the greatest common factor of 209330 and 640100.
1730
Calculate the highest common divisor of 1539 and 429543.
81
What is the highest common divisor of 18 and 41769882?
18
What is the highest common divisor of 2490663 and 4011?
21
What is the greatest common divisor of 1158612257 and 22?
11
What is the greatest common divisor of 630808088 and 31?
31
What is the greatest common factor of 5008 and 8569314?
626
Calculate the greatest common factor of 928 and 23039108.
116
What is the highest common divisor of 4220 and 62208075?
1055
Calculate the greatest common divisor of 150256562 and 529.
23
What is the highest common factor of 1871279280 and 618?
618
What is the greatest common divisor of 2091 and 539006828?
697
Calculate the greatest common divisor 